{"id":13468,"date":"2024-05-20T20:07:17","date_gmt":"2024-05-20T19:07:17","guid":{"rendered":"https:\/\/krakowbiega.pl\/?page_id=13468"},"modified":"2025-08-05T14:40:13","modified_gmt":"2025-08-05T13:40:13","slug":"kontakt-2","status":"publish","type":"page","link":"https:\/\/krakowbiega.pl\/?page_id=13468","title":{"rendered":"Kontakt"},"content":{"rendered":"\n<div class=\"wp-block-uagb-container uagb-block-1fc641c7 alignfull uagb-is-root-container\"><div class=\"uagb-container-inner-blocks-wrap\">\n<div class=\"wp-block-uagb-advanced-heading uagb-block-a92fd350\"><h2 class=\"uagb-heading-text\"><strong><em>Kontakt<\/em><\/strong><\/h2><\/div>\n<\/div><\/div>\n\n\n\n<div class=\"wp-block-uagb-container uagb-block-9568208f default uagb-is-root-container\">\n<div class=\"wp-block-uagb-container uagb-block-e0d7a0ba\">\n<div class=\"wp-block-uagb-image aligncenter uagb-block-66aa1120 wp-block-uagb-image--layout-default wp-block-uagb-image--effect-static wp-block-uagb-image--align-center\"><figure class=\"wp-block-uagb-image__figure\"><img decoding=\"async\"  sizes=\"auto, (max-width: 480px) 150px\" src=\"https:\/\/krakowbiega.pl\/wp-content\/uploads\/2024\/05\/image.png\" alt=\"\" width=\"408\" height=\"493\" title=\"\" loading=\"lazy\" role=\"img\"\/><\/figure><\/div>\n<\/div>\n\n\n\n<div class=\"wp-block-uagb-container uagb-block-df95bab7\">\n<div class=\"wp-block-uagb-advanced-heading uagb-block-83dd0637\"><h2 class=\"uagb-heading-text\">Wojskowy Klub Sportowy \u201cWawel\u201d<\/h2><\/div>\n\n\n\n<p style=\"margin-top:0px;margin-bottom:0px;padding-right:0;padding-left:0\">kontakt@krakowbiega.pl<\/p>\n\n\n\n<p>Sekcja Biegu na Orientacj\u0119<br>ul. Podchor\u0105\u017cych 3<br>30-084 Krak\u00f3w<br><a href=\"http:\/\/wawelbno.pl\/\" target=\"_blank\" rel=\"noreferrer noopener\">www.wawelbno.pl<\/a><\/p>\n\n\n\n<p>kierownik zawod\u00f3w \u2013 Micha\u0142 Garbacik<\/p>\n<\/div>\n<\/div>\n","protected":false},"excerpt":{"rendered":"<p>Kontakt Wojskowy Klub Sportowy \u201cWawel\u201d kontakt@krakowbiega.pl Sekcja Biegu na Orientacj\u0119ul. Podchor\u0105\u017cych 330-084 Krak\u00f3wwww.wawelbno.pl kierownik zawod\u00f3w \u2013 Micha\u0142 Garbacik<\/p>\n","protected":false},"author":2,"featured_media":0,"parent":0,"menu_order":0,"comment_status":"closed","ping_status":"closed","template":"","meta":{"_uag_custom_page_level_css":"","site-sidebar-layout":"default","site-content-layout":"","ast-site-content-layout":"default","site-content-style":"default","site-sidebar-style":"default","ast-global-header-display":"","ast-banner-title-visibility":"","ast-main-header-display":"","ast-hfb-above-header-display":"","ast-hfb-below-header-display":"","ast-hfb-mobile-header-display":"","site-post-title":"disabled","ast-breadcrumbs-content":"","ast-featured-img":"","footer-sml-layout":"","ast-disable-related-posts":"","theme-transparent-header-meta":"","adv-header-id-meta":"","stick-header-meta":"","header-above-stick-meta":"","header-main-stick-meta":"","header-below-stick-meta":"","astra-migrate-meta-layouts":"default","ast-page-background-enabled":"default","ast-page-background-meta":{"desktop":{"background-color":"var(--ast-global-color-4)","background-image":"","background-repeat":"repeat","background-position":"center center","background-size":"auto","background-attachment":"scroll","background-type":"","background-media":"","overlay-type":"","overlay-color":"","overlay-opacity":"","overlay-gradient":""},"tablet":{"background-color":"","background-image":"","background-repeat":"repeat","background-position":"center center","background-size":"auto","background-attachment":"scroll","background-type":"","background-media":"","overlay-type":"","overlay-color":"","overlay-opacity":"","overlay-gradient":""},"mobile":{"background-color":"","background-image":"","background-repeat":"repeat","background-position":"center center","background-size":"auto","background-attachment":"scroll","background-type":"","background-media":"","overlay-type":"","overlay-color":"","overlay-opacity":"","overlay-gradient":""}},"ast-content-background-meta":{"desktop":{"background-color":"var(--ast-global-color-5)","background-image":"","background-repeat":"repeat","background-position":"center center","background-size":"auto","background-attachment":"scroll","background-type":"","background-media":"","overlay-type":"","overlay-color":"","overlay-opacity":"","overlay-gradient":""},"tablet":{"background-color":"var(--ast-global-color-5)","background-image":"","background-repeat":"repeat","background-position":"center center","background-size":"auto","background-attachment":"scroll","background-type":"","background-media":"","overlay-type":"","overlay-color":"","overlay-opacity":"","overlay-gradient":""},"mobile":{"background-color":"var(--ast-global-color-5)","background-image":"","background-repeat":"repeat","background-position":"center center","background-size":"auto","background-attachment":"scroll","background-type":"","background-media":"","overlay-type":"","overlay-color":"","overlay-opacity":"","overlay-gradient":""}},"footnotes":""},"class_list":["post-13468","page","type-page","status-publish","hentry"],"uagb_featured_image_src":{"full":false,"thumbnail":false,"medium":false,"medium_large":false,"large":false,"1536x1536":false,"2048x2048":false,"New Image Size":false},"uagb_author_info":{"display_name":"M.Garbacik","author_link":"https:\/\/krakowbiega.pl\/?author=2"},"uagb_comment_info":0,"uagb_excerpt":"Kontakt Wojskowy Klub Sportowy \u201cWawel\u201d kontakt@krakowbiega.pl Sekcja Biegu na Orientacj\u0119ul. Podchor\u0105\u017cych 330-084 Krak\u00f3wwww.wawelbno.pl kierownik zawod\u00f3w \u2013 Micha\u0142 Garbacik","_links":{"self":[{"href":"https:\/\/krakowbiega.pl\/index.php?rest_route=\/wp\/v2\/pages\/13468","targetHints":{"allow":["GET"]}}],"collection":[{"href":"https:\/\/krakowbiega.pl\/index.php?rest_route=\/wp\/v2\/pages"}],"about":[{"href":"https:\/\/krakowbiega.pl\/index.php?rest_route=\/wp\/v2\/types\/page"}],"author":[{"embeddable":true,"href":"https:\/\/krakowbiega.pl\/index.php?rest_route=\/wp\/v2\/users\/2"}],"replies":[{"embeddable":true,"href":"https:\/\/krakowbiega.pl\/index.php?rest_route=%2Fwp%2Fv2%2Fcomments&post=13468"}],"version-history":[{"count":18,"href":"https:\/\/krakowbiega.pl\/index.php?rest_route=\/wp\/v2\/pages\/13468\/revisions"}],"predecessor-version":[{"id":16324,"href":"https:\/\/krakowbiega.pl\/index.php?rest_route=\/wp\/v2\/pages\/13468\/revisions\/16324"}],"wp:attachment":[{"href":"https:\/\/krakowbiega.pl\/index.php?rest_route=%2Fwp%2Fv2%2Fmedia&parent=13468"}],"curies":[{"name":"wp","href":"https:\/\/api.w.org\/{rel}","templated":true}]}}