{"id":13836,"date":"2024-08-09T10:52:58","date_gmt":"2024-08-09T09:52:58","guid":{"rendered":"https:\/\/krakowbiega.pl\/?page_id=13836"},"modified":"2026-02-27T20:09:11","modified_gmt":"2026-02-27T19:09:11","slug":"zgloszenia-xiv-edycja-temp","status":"publish","type":"page","link":"https:\/\/krakowbiega.pl\/?page_id=13836","title":{"rendered":"ZG\u0141OSZENIA"},"content":{"rendered":"\n<div class=\"wp-block-uagb-container uagb-block-23a110a0 alignfull uagb-is-root-container\"><div class=\"uagb-container-inner-blocks-wrap\">\n<div class=\"wp-block-uagb-advanced-heading uagb-block-0c77cdc1\"><h2 class=\"uagb-heading-text\"><em><strong>Zg\u0142oszeni<\/strong>a<\/em> po terminie<\/h2><\/div>\n\n\n\n<div class=\"wp-block-uagb-advanced-heading uagb-block-6e15003d\"><h2 class=\"uagb-heading-text\"><strong><em>XIV Grand Prix Krakowa<\/em><\/strong><\/h2><\/div>\n\n\n\n<p class=\"has-ast-global-color-1-color has-text-color uag-hide-mob\" style=\"padding-top:0px;padding-right:27%;padding-bottom:0px;padding-left:0px;font-size:18px\">Zg\u0142oszenia na XIV edycj\u0119 Grand Prix Krakowa w Biegach G\u00f3rskich.<br>By zg\u0142osi\u0107 si\u0119 na zawody, wykonaj poni\u017csze kroki.<\/p>\n<\/div><\/div>\n\n\n\n<div class=\"wp-block-uagb-container uagb-block-c3ecdd42 alignfull uagb-is-root-container\"><div class=\"uagb-container-inner-blocks-wrap\">\n<div class=\"wp-block-uagb-advanced-heading uagb-block-666cbb40\"><h2 class=\"uagb-heading-text\"><em>Pojedynczy Bieg<\/em> 1.03<\/h2><\/div>\n\n\n\n<div class=\"wp-block-uagb-advanced-heading uagb-block-54136ea2\"><h2 class=\"uagb-heading-text\">Krok 1<\/h2><\/div>\n\n\n\n<p>Wype\u0142nij formularz zg\u0142oszeniowy (po terminie) &#8211; <a href=\"https:\/\/orientharper.pl\/timego\/?page=office&amp;action=addCompetitor&amp;view=ajax&amp;cid=179\" target=\"_blank\" rel=\"noreferrer noopener\"><strong>tutaj<\/strong><\/a><\/p>\n\n\n\n<p>lista zg\u0142oszonych do 27.02 do godz. 15:00 &#8211; <a href=\"https:\/\/orientharper.pl\/?cmp=entries&amp;action=entryList&amp;id=267\" target=\"_blank\" rel=\"noreferrer noopener\"><strong>tutaj<\/strong><\/a><\/p>\n\n\n\n<p>Brak mo\u017cliwo\u015bci zg\u0142oszenia z nazw\u0105 dru\u017cyny\/firmy.<\/p>\n\n\n\n<div class=\"wp-block-uagb-advanced-heading uagb-block-bd706dda\"><h2 class=\"uagb-heading-text\">Krok 2<\/h2><\/div>\n\n\n\n<p><mark style=\"background-color:rgba(0, 0, 0, 0)\" class=\"has-inline-color has-ast-global-color-1-color\">Dokonaj op\u0142aty startowej<\/mark> (zgodnie z kwot\u0105 podan\u0105 w tabeli poni\u017cej) got\u00f3wk\u0105 w biurze zawod\u00f3w.<\/p>\n\n\n\n<div class=\"wp-block-uagb-advanced-heading uagb-block-21eabe0f\"><h2 class=\"uagb-heading-text\">Cennik<\/h2><\/div>\n\n\n\n<p class=\"has-ast-global-color-1-color has-text-color\">Podczas XIV edycji GPK obowi\u0105zuj\u0105 3 terminy wp\u0142at za pojedynczy bieg (Wielki Fina\u0142 GPK)<\/p>\n\n\n\n<div class=\"wp-block-uagb-icon-list uagb-block-4b278d69\"><div class=\"uagb-icon-list__wrap\">\n<div class=\"wp-block-uagb-icon-list-child uagb-block-55e5ac2a\"><span class=\"uagb-icon-list__source-wrap\"><svg xmlns=\"https:\/\/www.w3.org\/2000\/svg\" viewBox=\"0 0 320 512\"><path d=\"M96 480c-8.188 0-16.38-3.125-22.62-9.375c-12.5-12.5-12.5-32.75 0-45.25L242.8 256L73.38 86.63c-12.5-12.5-12.5-32.75 0-45.25s32.75-12.5 45.25 0l192 192c12.5 12.5 12.5 32.75 0 45.25l-192 192C112.4 476.9 104.2 480 96 480z\"><\/path><\/svg><\/span><span class=\"uagb-icon-list__label\">I Termin &#8211; 13.02<\/span><\/div>\n\n\n\n<div class=\"wp-block-uagb-icon-list-child uagb-block-fa4f6a4c\"><span class=\"uagb-icon-list__source-wrap\"><svg xmlns=\"https:\/\/www.w3.org\/2000\/svg\" viewBox=\"0 0 320 512\"><path d=\"M96 480c-8.188 0-16.38-3.125-22.62-9.375c-12.5-12.5-12.5-32.75 0-45.25L242.8 256L73.38 86.63c-12.5-12.5-12.5-32.75 0-45.25s32.75-12.5 45.25 0l192 192c12.5 12.5 12.5 32.75 0 45.25l-192 192C112.4 476.9 104.2 480 96 480z\"><\/path><\/svg><\/span><span class=\"uagb-icon-list__label\">II Termin &#8211; 23.02<\/span><\/div>\n\n\n\n<div class=\"wp-block-uagb-icon-list-child uagb-block-1218401b\"><span class=\"uagb-icon-list__source-wrap\"><svg xmlns=\"https:\/\/www.w3.org\/2000\/svg\" viewBox=\"0 0 320 512\"><path d=\"M96 480c-8.188 0-16.38-3.125-22.62-9.375c-12.5-12.5-12.5-32.75 0-45.25L242.8 256L73.38 86.63c-12.5-12.5-12.5-32.75 0-45.25s32.75-12.5 45.25 0l192 192c12.5 12.5 12.5 32.75 0 45.25l-192 192C112.4 476.9 104.2 480 96 480z\"><\/path><\/svg><\/span><span class=\"uagb-icon-list__label\"><strong>Biuro zawod\u00f3w (zg\u0142oszenia po terminie)<\/strong><\/span><\/div>\n<\/div><\/div>\n\n\n\n<div class=\"wp-block-uagb-container uagb-block-3f0da198 alignfull uagb-is-root-container\"><div class=\"uagb-container-inner-blocks-wrap\">\n<div class=\"wp-block-uagb-container uagb-block-113207c5\">\n<div class=\"wp-block-uagb-advanced-heading uagb-block-017f87a0\"><h2 class=\"uagb-heading-text\">Pojedynczy Bieg GPK 1.03<\/h2><\/div>\n<\/div>\n\n\n\n<div class=\"wp-block-uagb-container uagb-block-2d67ecdf\">\n<div class=\"wp-block-uagb-container uagb-block-5eab77f2\">\n<div class=\"wp-block-uagb-advanced-heading uagb-block-4d1b2ac6\"><h3 class=\"uagb-heading-text\"><mark style=\"background-color:rgba(0, 0, 0, 0)\" class=\"has-inline-color has-ast-global-color-1-color\">I Termin<br>13.02<\/mark><\/h3><\/div>\n<\/div>\n\n\n\n<div class=\"wp-block-uagb-container uagb-block-468da9d5\">\n<div class=\"wp-block-uagb-advanced-heading uagb-block-98298e2d\"><h3 class=\"uagb-heading-text\"><strong><mark style=\"background-color:rgba(0, 0, 0, 0)\" class=\"has-inline-color has-ast-global-color-1-color\">II Termin<br>23.02<\/mark><\/strong><\/h3><\/div>\n<\/div>\n\n\n\n<div class=\"wp-block-uagb-container uagb-block-58712e7f\">\n<div class=\"wp-block-uagb-advanced-heading uagb-block-060e8543\"><h3 class=\"uagb-heading-text\"><strong><mark style=\"background-color:rgba(0, 0, 0, 0)\" class=\"has-inline-color has-ast-global-color-5-color\">Biuro Zawod\u00f3w<\/mark><\/strong><\/h3><\/div>\n<\/div>\n<\/div>\n\n\n\n<div class=\"wp-block-uagb-container uagb-block-da24e0f9\">\n<div class=\"wp-block-uagb-container uagb-block-31742143\">\n<div class=\"wp-block-uagb-advanced-heading uagb-block-b0bfe23c\"><h2 class=\"uagb-heading-text\">Bieg Dla Dzieci<\/h2><\/div>\n<\/div>\n<\/div>\n\n\n\n<div class=\"wp-block-uagb-container uagb-block-01d33540\">\n<div class=\"wp-block-uagb-container uagb-block-77001b72\">\n<div class=\"wp-block-uagb-advanced-heading uagb-block-99a4f5e2\"><h3 class=\"uagb-heading-text\"><mark style=\"background-color:rgba(0, 0, 0, 0)\" class=\"has-inline-color has-ast-global-color-1-color\">25 Z\u0141<\/mark><\/h3><\/div>\n<\/div>\n\n\n\n<div class=\"wp-block-uagb-container uagb-block-749b9b00\">\n<div class=\"wp-block-uagb-advanced-heading uagb-block-53b13605\"><h3 class=\"uagb-heading-text\"><mark style=\"background-color:rgba(0, 0, 0, 0)\" class=\"has-inline-color has-ast-global-color-1-color\">30 Z\u0141<\/mark><\/h3><\/div>\n<\/div>\n\n\n\n<div class=\"wp-block-uagb-container uagb-block-2a48a4fe\">\n<div class=\"wp-block-uagb-advanced-heading uagb-block-ef0d41d4\"><h3 class=\"uagb-heading-text\"><strong><mark style=\"background-color:rgba(0, 0, 0, 0)\" class=\"has-inline-color has-ast-global-color-5-color\">30 Z\u0141<\/mark><\/strong><\/h3><\/div>\n<\/div>\n<\/div>\n\n\n\n<div class=\"wp-block-uagb-container uagb-block-47c722b9\">\n<div class=\"wp-block-uagb-container uagb-block-4ad2b693\">\n<div class=\"wp-block-uagb-advanced-heading uagb-block-2d2432f3\"><h2 class=\"uagb-heading-text\">Vertical<\/h2><\/div>\n<\/div>\n<\/div>\n\n\n\n<div class=\"wp-block-uagb-container uagb-block-1be92d81\">\n<div class=\"wp-block-uagb-container uagb-block-9ad9500c\">\n<div class=\"wp-block-uagb-advanced-heading uagb-block-29e20ff8\"><h3 class=\"uagb-heading-text\"><mark style=\"background-color:rgba(0, 0, 0, 0)\" class=\"has-inline-color has-ast-global-color-1-color\">50 Z\u0141 \/ 30 Z\u0141*<\/mark><\/h3><\/div>\n<\/div>\n\n\n\n<div class=\"wp-block-uagb-container uagb-block-e2ccbb18\">\n<div class=\"wp-block-uagb-advanced-heading uagb-block-7d434e94\"><h3 class=\"uagb-heading-text\"><mark style=\"background-color:rgba(0, 0, 0, 0)\" class=\"has-inline-color has-ast-global-color-1-color\">60 Z\u0141 \/ 35 Z\u0141*<\/mark><\/h3><\/div>\n<\/div>\n\n\n\n<div class=\"wp-block-uagb-container uagb-block-29f0de51\">\n<div class=\"wp-block-uagb-advanced-heading uagb-block-9fa05cd1\"><h3 class=\"uagb-heading-text\"><strong><mark style=\"background-color:rgba(0, 0, 0, 0)\" class=\"has-inline-color has-ast-global-color-5-color\">70 Z\u0141 \/ 40 Z\u0141*<\/mark><\/strong><\/h3><\/div>\n<\/div>\n<\/div>\n\n\n\n<div class=\"wp-block-uagb-container uagb-block-c6f31898\">\n<div class=\"wp-block-uagb-container uagb-block-2becf565\">\n<div class=\"wp-block-uagb-advanced-heading uagb-block-f0ede21e\"><h2 class=\"uagb-heading-text\">3,7 km<\/h2><\/div>\n<\/div>\n<\/div>\n\n\n\n<div class=\"wp-block-uagb-container uagb-block-7139ae4f\">\n<div class=\"wp-block-uagb-container uagb-block-5930c48c\">\n<div class=\"wp-block-uagb-advanced-heading uagb-block-f04bcee6\"><h3 class=\"uagb-heading-text\"><mark style=\"background-color:rgba(0, 0, 0, 0)\" class=\"has-inline-color has-ast-global-color-1-color\">55 Z\u0141 \/ 35 Z\u0141*<\/mark><\/h3><\/div>\n<\/div>\n\n\n\n<div class=\"wp-block-uagb-container uagb-block-132f7681\">\n<div class=\"wp-block-uagb-advanced-heading uagb-block-b47a558a\"><h3 class=\"uagb-heading-text\"><mark style=\"background-color:rgba(0, 0, 0, 0)\" class=\"has-inline-color has-ast-global-color-1-color\">70 Z\u0141 \/ 40 Z\u0141*<\/mark><\/h3><\/div>\n<\/div>\n\n\n\n<div class=\"wp-block-uagb-container uagb-block-bbc93960\">\n<div class=\"wp-block-uagb-advanced-heading uagb-block-0dc1e418\"><h3 class=\"uagb-heading-text\"><strong><mark style=\"background-color:rgba(0, 0, 0, 0)\" class=\"has-inline-color has-ast-global-color-5-color\">80 Z\u0141 \/ 50 Z\u0141*<\/mark><\/strong><\/h3><\/div>\n<\/div>\n<\/div>\n\n\n\n<div class=\"wp-block-uagb-container uagb-block-63b38f89\">\n<div class=\"wp-block-uagb-container uagb-block-f80dcdcf\">\n<div class=\"wp-block-uagb-advanced-heading uagb-block-7ed26897\"><h2 class=\"uagb-heading-text\">5,7 km<\/h2><\/div>\n<\/div>\n<\/div>\n\n\n\n<div class=\"wp-block-uagb-container uagb-block-46f10621\">\n<div class=\"wp-block-uagb-container uagb-block-f462cfc6\">\n<div class=\"wp-block-uagb-advanced-heading uagb-block-ccccec96\"><h3 class=\"uagb-heading-text\"><mark style=\"background-color:rgba(0, 0, 0, 0)\" class=\"has-inline-color has-ast-global-color-1-color\">65 Z\u0141 \/ 40 Z\u0141*<\/mark><\/h3><\/div>\n<\/div>\n\n\n\n<div class=\"wp-block-uagb-container uagb-block-03d78bc9\">\n<div class=\"wp-block-uagb-advanced-heading uagb-block-b9963f6c\"><h3 class=\"uagb-heading-text\"><mark style=\"background-color:rgba(0, 0, 0, 0)\" class=\"has-inline-color has-ast-global-color-1-color\">75 Z\u0141 \/ 45 Z\u0141*<\/mark><\/h3><\/div>\n<\/div>\n\n\n\n<div class=\"wp-block-uagb-container uagb-block-cf0584c4\">\n<div class=\"wp-block-uagb-advanced-heading uagb-block-60328a7e\"><h3 class=\"uagb-heading-text\"><strong><mark style=\"background-color:rgba(0, 0, 0, 0)\" class=\"has-inline-color has-ast-global-color-5-color\">90 Z\u0141 \/ 50 Z\u0141*<\/mark><\/strong><\/h3><\/div>\n<\/div>\n<\/div>\n\n\n\n<div class=\"wp-block-uagb-container uagb-block-6e82ef66\">\n<div class=\"wp-block-uagb-container uagb-block-d95ecbbe\">\n<div class=\"wp-block-uagb-advanced-heading uagb-block-e7b02d2c\"><h2 class=\"uagb-heading-text\">11,6 km<\/h2><\/div>\n<\/div>\n<\/div>\n\n\n\n<div class=\"wp-block-uagb-container uagb-block-20fd8f64\">\n<div class=\"wp-block-uagb-container uagb-block-70616b0e\">\n<div class=\"wp-block-uagb-advanced-heading uagb-block-372ee40c\"><h3 class=\"uagb-heading-text\"><mark style=\"background-color:rgba(0, 0, 0, 0)\" class=\"has-inline-color has-ast-global-color-1-color\">75 Z\u0141 \/ 45 Z\u0141**<\/mark><\/h3><\/div>\n<\/div>\n\n\n\n<div class=\"wp-block-uagb-container uagb-block-e23f7a51\">\n<div class=\"wp-block-uagb-advanced-heading uagb-block-57cdd714\"><h3 class=\"uagb-heading-text\"><mark style=\"background-color:rgba(0, 0, 0, 0)\" class=\"has-inline-color has-ast-global-color-1-color\">85 Z\u0141 \/ 50 Z\u0141**<\/mark><\/h3><\/div>\n<\/div>\n\n\n\n<div class=\"wp-block-uagb-container uagb-block-5fba13af\">\n<div class=\"wp-block-uagb-advanced-heading uagb-block-a2b01883\"><h3 class=\"uagb-heading-text\"><strong><mark style=\"background-color:rgba(0, 0, 0, 0)\" class=\"has-inline-color has-ast-global-color-5-color\">100 Z\u0141 \/ 60 Z\u0141**<\/mark><\/strong><\/h3><\/div>\n<\/div>\n<\/div>\n\n\n\n<div class=\"wp-block-uagb-container uagb-block-2832f680\">\n<div class=\"wp-block-uagb-container uagb-block-2892a9e3\">\n<div class=\"wp-block-uagb-advanced-heading uagb-block-e89dcfeb\"><h2 class=\"uagb-heading-text\">23,2 km<\/h2><\/div>\n<\/div>\n<\/div>\n\n\n\n<div class=\"wp-block-uagb-container uagb-block-62c8d6ac\">\n<div class=\"wp-block-uagb-container uagb-block-adac732d\">\n<div class=\"wp-block-uagb-advanced-heading uagb-block-93b4d577\"><h3 class=\"uagb-heading-text\"><mark style=\"background-color:rgba(0, 0, 0, 0)\" class=\"has-inline-color has-ast-global-color-1-color\">80 Z\u0141 \/ 45 Z\u0141**<\/mark><\/h3><\/div>\n<\/div>\n\n\n\n<div class=\"wp-block-uagb-container uagb-block-dd2a3131\">\n<div class=\"wp-block-uagb-advanced-heading uagb-block-21d99fa7\"><h3 class=\"uagb-heading-text\"><mark style=\"background-color:rgba(0, 0, 0, 0)\" class=\"has-inline-color has-ast-global-color-1-color\">90 Z\u0141 \/ 50 Z\u0141**<\/mark><\/h3><\/div>\n<\/div>\n\n\n\n<div class=\"wp-block-uagb-container uagb-block-ae71c596\">\n<div class=\"wp-block-uagb-advanced-heading uagb-block-59a43d6c\"><h3 class=\"uagb-heading-text\"><strong><mark style=\"background-color:rgba(0, 0, 0, 0)\" class=\"has-inline-color has-ast-global-color-5-color\">100 Z\u0141 \/ 60 Z\u0141**<\/mark><\/strong><\/h3><\/div>\n<\/div>\n<\/div>\n<\/div><\/div>\n\n\n\n<p>*Cena zni\u017ckowa dotyczy dzieci i m\u0142odzie\u017cy (do 2007 r.), kt\u00f3ra nie uko\u0144czy\u0142a 18 roku \u017cycia, a tak\u017ce senior\u00f3w 65+ (1960 r. i starsi).<\/p>\n\n\n\n<p>**Cena zni\u017ckowa dotyczy senior\u00f3w 65+ (1960 r. i starsi).<\/p>\n<\/div><\/div>\n\n\n\n<div class=\"wp-block-uagb-container uagb-block-53a9995e alignfull uagb-is-root-container\"><div class=\"uagb-container-inner-blocks-wrap\">\n<div class=\"wp-block-uagb-advanced-heading uagb-block-9427335b\"><h2 class=\"uagb-heading-text\"><em>Dodatkowe informacje<\/em><\/h2><\/div>\n\n\n\n<p class=\"has-ast-global-color-1-color has-text-color\">1. W przypadku wniesienia niepe\u0142nej op\u0142aty startowej (np. w wyniku przekroczenia terminu wp\u0142aty) zawodnik jest zobowi\u0105zany do wyr\u00f3wnania r\u00f3\u017cnicy najp\u00f3\u017aniej w dniu zawod\u00f3w przed.<\/p>\n\n\n\n<p class=\"has-ast-global-color-1-color has-text-color\">2. Op\u0142ata raz uiszczona nie podlega zwrotowi. W przypadku sytuacji losowych dopuszczamy mo\u017cliwo\u015b\u0107 przeniesienia wp\u0142aty na innego zawodnika\/inny termin wed\u0142ug nast\u0119puj\u0105cych zasad:<\/p>\n\n\n\n<p class=\"has-ast-global-color-1-color has-text-color\">Powy\u017cej 14 dni przed biegiem \u2013&nbsp;<strong>bezp\u0142atnie<\/strong><br>Powy\u017cej 7 dni przed biegiem \u2013&nbsp;<strong>koszt zmiany 20 z\u0142<\/strong><br>Poni\u017cej 7 dni przed biegiem \u2013&nbsp;<strong>brak mo\u017cliwo\u015bci przeniesienia wp\u0142aty<\/strong><\/p>\n\n\n\n<p class=\"has-ast-global-color-1-color has-text-color\">3. W przypadku konieczno\u015bci odwo\u0142ania klasycznego wydarzenia z uwagi na si\u0142\u0119 wy\u017csz\u0105 organizator przewiduje organizacj\u0119 wy\u015bcig\u00f3w w wyznaczonych terminach w formie indywidualnej (wzorem IX edycji GPK) lub zwrot op\u0142aty w formie Voucheru do wykorzystania podczas kolejnych edycji\/kolejnych etap\u00f3w.<\/p>\n\n\n\n<p class=\"has-ast-global-color-1-color has-text-color has-link-color wp-elements-12b7d821eccb82357f81136cedba0636\">4. Z op\u0142aty startowej za bieg zwolnione s\u0105 osoby, kt\u00f3re zajmuj\u0105 miejsca w TOP20 klasyfikacji wszech czas\u00f3w GPK. Wyniki znajdziecie \u2013&nbsp;[<a href=\"https:\/\/krakowbiega.pl\/?page_id=1374\" target=\"_blank\" rel=\"noreferrer noopener\"><strong>TUTAJ<\/strong><\/a>].<\/p>\n\n\n\n<p class=\"has-ast-global-color-1-color has-text-color\">Osoby, korzystaj\u0105ce ze zwolnienia, prosimy o dokonanie zg\u0142oszenia przez formularz zg\u0142oszeniowy i przes\u0142anie informacji drog\u0105 e-mailow\u0105. P\u0142atno\u015b\u0107 w systemie zostanie odznaczona.<\/p>\n<\/div><\/div>\n","protected":false},"excerpt":{"rendered":"<p>Zg\u0142oszenia po terminie XIV Grand Prix Krakowa Zg\u0142oszenia na XIV edycj\u0119 Grand Prix Krakowa w Biegach G\u00f3rskich.By zg\u0142osi\u0107 si\u0119 na [&hellip;]<\/p>\n","protected":false},"author":2,"featured_media":0,"parent":0,"menu_order":0,"comment_status":"closed","ping_status":"closed","template":"","meta":{"_uag_custom_page_level_css":"","site-sidebar-layout":"default","site-content-layout":"","ast-site-content-layout":"","site-content-style":"default","site-sidebar-style":"default","ast-global-header-display":"","ast-banner-title-visibility":"","ast-main-header-display":"","ast-hfb-above-header-display":"","ast-hfb-below-header-display":"","ast-hfb-mobile-header-display":"","site-post-title":"disabled","ast-breadcrumbs-content":"","ast-featured-img":"","footer-sml-layout":"","ast-disable-related-posts":"","theme-transparent-header-meta":"","adv-header-id-meta":"","stick-header-meta":"","header-above-stick-meta":"","header-main-stick-meta":"","header-below-stick-meta":"","astra-migrate-meta-layouts":"default","ast-page-background-enabled":"default","ast-page-background-meta":{"desktop":{"background-color":"var(--ast-global-color-4)","background-image":"","background-repeat":"repeat","background-position":"center center","background-size":"auto","background-attachment":"scroll","background-type":"","background-media":"","overlay-type":"","overlay-color":"","overlay-opacity":"","overlay-gradient":""},"tablet":{"background-color":"","background-image":"","background-repeat":"repeat","background-position":"center center","background-size":"auto","background-attachment":"scroll","background-type":"","background-media":"","overlay-type":"","overlay-color":"","overlay-opacity":"","overlay-gradient":""},"mobile":{"background-color":"","background-image":"","background-repeat":"repeat","background-position":"center center","background-size":"auto","background-attachment":"scroll","background-type":"","background-media":"","overlay-type":"","overlay-color":"","overlay-opacity":"","overlay-gradient":""}},"ast-content-background-meta":{"desktop":{"background-color":"var(--ast-global-color-5)","background-image":"","background-repeat":"repeat","background-position":"center center","background-size":"auto","background-attachment":"scroll","background-type":"","background-media":"","overlay-type":"","overlay-color":"","overlay-opacity":"","overlay-gradient":""},"tablet":{"background-color":"var(--ast-global-color-5)","background-image":"","background-repeat":"repeat","background-position":"center center","background-size":"auto","background-attachment":"scroll","background-type":"","background-media":"","overlay-type":"","overlay-color":"","overlay-opacity":"","overlay-gradient":""},"mobile":{"background-color":"var(--ast-global-color-5)","background-image":"","background-repeat":"repeat","background-position":"center center","background-size":"auto","background-attachment":"scroll","background-type":"","background-media":"","overlay-type":"","overlay-color":"","overlay-opacity":"","overlay-gradient":""}},"footnotes":""},"class_list":["post-13836","page","type-page","status-publish","hentry"],"uagb_featured_image_src":{"full":false,"thumbnail":false,"medium":false,"medium_large":false,"large":false,"1536x1536":false,"2048x2048":false,"New Image Size":false},"uagb_author_info":{"display_name":"M.Garbacik","author_link":"https:\/\/krakowbiega.pl\/?author=2"},"uagb_comment_info":0,"uagb_excerpt":"Zg\u0142oszenia po terminie XIV Grand Prix Krakowa Zg\u0142oszenia na XIV edycj\u0119 Grand Prix Krakowa w Biegach G\u00f3rskich.By zg\u0142osi\u0107 si\u0119 na [&hellip;]","_links":{"self":[{"href":"https:\/\/krakowbiega.pl\/index.php?rest_route=\/wp\/v2\/pages\/13836","targetHints":{"allow":["GET"]}}],"collection":[{"href":"https:\/\/krakowbiega.pl\/index.php?rest_route=\/wp\/v2\/pages"}],"about":[{"href":"https:\/\/krakowbiega.pl\/index.php?rest_route=\/wp\/v2\/types\/page"}],"author":[{"embeddable":true,"href":"https:\/\/krakowbiega.pl\/index.php?rest_route=\/wp\/v2\/users\/2"}],"replies":[{"embeddable":true,"href":"https:\/\/krakowbiega.pl\/index.php?rest_route=%2Fwp%2Fv2%2Fcomments&post=13836"}],"version-history":[{"count":208,"href":"https:\/\/krakowbiega.pl\/index.php?rest_route=\/wp\/v2\/pages\/13836\/revisions"}],"predecessor-version":[{"id":17825,"href":"https:\/\/krakowbiega.pl\/index.php?rest_route=\/wp\/v2\/pages\/13836\/revisions\/17825"}],"wp:attachment":[{"href":"https:\/\/krakowbiega.pl\/index.php?rest_route=%2Fwp%2Fv2%2Fmedia&parent=13836"}],"curies":[{"name":"wp","href":"https:\/\/api.w.org\/{rel}","templated":true}]}}