{"id":16525,"date":"2025-10-01T16:18:32","date_gmt":"2025-10-01T15:18:32","guid":{"rendered":"https:\/\/krakowbiega.pl\/?page_id=16525"},"modified":"2025-11-20T17:32:41","modified_gmt":"2025-11-20T16:32:41","slug":"rywalizacja-mundurowych-2","status":"publish","type":"page","link":"https:\/\/krakowbiega.pl\/?page_id=16525","title":{"rendered":"Rywalizacja mundurowych"},"content":{"rendered":"\n<p>Podobnie jak w poprzednich latach nieparzystych (2021, 2023) mamy ogromn\u0105 przyjemno\u015b\u0107 poinformowa\u0107, \u017ce w ramach dw\u00f3ch pierwszych etap\u00f3w XIV edycji Grand Prix Krakowa zostanie przeprowadzona rywalizacja s\u0142u\u017cb mundurowych.<\/p>\n\n\n\n<p>Do udzia\u0142u w tej rywalizacji zapraszamy weteran\u00f3w, \u017co\u0142nierzy w czynnej s\u0142u\u017cbie, \u017co\u0142nierzy WOT, s\u0142u\u017cby mundurowe czy uczni\u00f3w klas mundurowych. Aby wzi\u0105\u0107 udzia\u0142 w tych zmaganiach wystarczy uzupe\u0142ni\u0107 pole \u201c<strong>Bior\u0119 udzia\u0142 w klasyfikacji mundurowych (nazwa jednostki)<\/strong>\u201d w formularzu zg\u0142oszeniowym. Udzia\u0142 bezp\u0142atny*.<\/p>\n\n\n\n<p>Dystans \u2013 5,7 km. TOP3 M\u0119\u017cczyzn i Kobiet ka\u017cdego z 2 etap\u00f3w (26.10, 7.12) otrzyma nagrody oraz trofea.<\/p>\n\n\n\n<p>*Informacje na temat zg\u0142osze\u0144:<\/p>\n\n\n\n<p>1. Je\u017celi chcesz zg\u0142osi\u0107 si\u0119 na pojedynczy bieg, uzupe\u0142nij&nbsp;<a href=\"https:\/\/orientharper.pl\/?cmp=entries&amp;action=entryList&amp;id=259\" target=\"_blank\" rel=\"noreferrer noopener\"><strong>stosowny formularz<\/strong><\/a>&nbsp;z dopisan\u0105 nazw\u0105 Twojej jednostki \/ klasy mundurowej. P\u0142atno\u015b\u0107 w systemie zostanie odznaczona.<\/p>\n\n\n\n<p>2. Je\u017celi chcesz zg\u0142osi\u0107 si\u0119 na karnet 5 bieg\u00f3w i jeste\u015b uprawniony do wzi\u0119cia udzia\u0142u w rywalizacji s\u0142u\u017cb mundurowych otrzymasz zwolnienie z 2 tegorocznych bieg\u00f3w w ramach, kt\u00f3rych przeprowadzona zosta\u0142a \/ zostanie ta klasyfikacja (26.10, 7.12). W takim wypadku zalecamy zg\u0142oszenie na karnet (<a href=\"https:\/\/orientharper.pl\/?cmp=entries&amp;action=entryList&amp;id=256\"><strong>link do formularza<\/strong><\/a>) i przelanie 60% aktualnej ceny karnetu (op\u0142ata za biegi od stycznia do marca) tradycyjnym przelewem bankowym.<\/p>\n\n\n\n<p>3. Je\u017celi ju\u017c dokona\u0142e\u015b zg\u0142oszenia i p\u0142atno\u015bci, a jeste\u015b uprawniony do udzia\u0142u w tej rywalizacji prosimy o wiadomo\u015b\u0107 e-mailow\u0105 z nazw\u0105 jednostki.<\/p>\n\n\n\n<p>4. Je\u017celi chcesz wzi\u0105\u0107 udzia\u0142 w biegu na innym dystansie i jeste\u015b uprawniony do skorzystania ze zwolnienia dokonaj zg\u0142oszenia zgodnie z instrukcj\u0105 z punkt\u00f3w 1-3. Tw\u00f3j wynik b\u0119dzie brany pod uwag\u0119 w og\u00f3lnych zawodach, jednak nie b\u0119dzie liczy\u0142 si\u0119 w rywalizacji s\u0142u\u017cb mundurowych.<\/p>\n\n\n\n<p>ZG\u0141OSZENIA na XIV GPK &#8211; <a href=\"https:\/\/krakowbiega.pl\/?page_id=13836\" target=\"_blank\" rel=\"noreferrer noopener\"><strong>tutaj<\/strong><\/a><\/p>\n\n\n\n<figure class=\"wp-block-image alignleft size-large is-resized\"><img loading=\"lazy\" decoding=\"async\" width=\"728\" height=\"1024\" src=\"https:\/\/krakowbiega.pl\/wp-content\/uploads\/2025\/10\/mundurowi-pion-1-728x1024.png\" alt=\"\" class=\"wp-image-16526\" style=\"width:500px\" srcset=\"https:\/\/krakowbiega.pl\/wp-content\/uploads\/2025\/10\/mundurowi-pion-1-728x1024.png 728w, https:\/\/krakowbiega.pl\/wp-content\/uploads\/2025\/10\/mundurowi-pion-1-213x300.png 213w, https:\/\/krakowbiega.pl\/wp-content\/uploads\/2025\/10\/mundurowi-pion-1-768x1080.png 768w, https:\/\/krakowbiega.pl\/wp-content\/uploads\/2025\/10\/mundurowi-pion-1-1092x1536.png 1092w, https:\/\/krakowbiega.pl\/wp-content\/uploads\/2025\/10\/mundurowi-pion-1-1457x2048.png 1457w\" sizes=\"auto, (max-width: 728px) 100vw, 728px\" \/><\/figure>\n","protected":false},"excerpt":{"rendered":"<p>Podobnie jak w poprzednich latach nieparzystych (2021, 2023) mamy ogromn\u0105 przyjemno\u015b\u0107 poinformowa\u0107, \u017ce w ramach dw\u00f3ch pierwszych etap\u00f3w XIV edycji [&hellip;]<\/p>\n","protected":false},"author":2,"featured_media":0,"parent":0,"menu_order":0,"comment_status":"closed","ping_status":"closed","template":"","meta":{"_uag_custom_page_level_css":"","site-sidebar-layout":"default","site-content-layout":"","ast-site-content-layout":"default","site-content-style":"default","site-sidebar-style":"default","ast-global-header-display":"","ast-banner-title-visibility":"","ast-main-header-display":"","ast-hfb-above-header-display":"","ast-hfb-below-header-display":"","ast-hfb-mobile-header-display":"","site-post-title":"","ast-breadcrumbs-content":"","ast-featured-img":"","footer-sml-layout":"","ast-disable-related-posts":"","theme-transparent-header-meta":"","adv-header-id-meta":"","stick-header-meta":"","header-above-stick-meta":"","header-main-stick-meta":"","header-below-stick-meta":"","astra-migrate-meta-layouts":"default","ast-page-background-enabled":"default","ast-page-background-meta":{"desktop":{"background-color":"var(--ast-global-color-4)","background-image":"","background-repeat":"repeat","background-position":"center center","background-size":"auto","background-attachment":"scroll","background-type":"","background-media":"","overlay-type":"","overlay-color":"","overlay-opacity":"","overlay-gradient":""},"tablet":{"background-color":"","background-image":"","background-repeat":"repeat","background-position":"center center","background-size":"auto","background-attachment":"scroll","background-type":"","background-media":"","overlay-type":"","overlay-color":"","overlay-opacity":"","overlay-gradient":""},"mobile":{"background-color":"","background-image":"","background-repeat":"repeat","background-position":"center center","background-size":"auto","background-attachment":"scroll","background-type":"","background-media":"","overlay-type":"","overlay-color":"","overlay-opacity":"","overlay-gradient":""}},"ast-content-background-meta":{"desktop":{"background-color":"var(--ast-global-color-5)","background-image":"","background-repeat":"repeat","background-position":"center center","background-size":"auto","background-attachment":"scroll","background-type":"","background-media":"","overlay-type":"","overlay-color":"","overlay-opacity":"","overlay-gradient":""},"tablet":{"background-color":"var(--ast-global-color-5)","background-image":"","background-repeat":"repeat","background-position":"center center","background-size":"auto","background-attachment":"scroll","background-type":"","background-media":"","overlay-type":"","overlay-color":"","overlay-opacity":"","overlay-gradient":""},"mobile":{"background-color":"var(--ast-global-color-5)","background-image":"","background-repeat":"repeat","background-position":"center center","background-size":"auto","background-attachment":"scroll","background-type":"","background-media":"","overlay-type":"","overlay-color":"","overlay-opacity":"","overlay-gradient":""}},"footnotes":""},"class_list":["post-16525","page","type-page","status-publish","hentry"],"uagb_featured_image_src":{"full":false,"thumbnail":false,"medium":false,"medium_large":false,"large":false,"1536x1536":false,"2048x2048":false,"New Image Size":false},"uagb_author_info":{"display_name":"M.Garbacik","author_link":"https:\/\/krakowbiega.pl\/?author=2"},"uagb_comment_info":0,"uagb_excerpt":"Podobnie jak w poprzednich latach nieparzystych (2021, 2023) mamy ogromn\u0105 przyjemno\u015b\u0107 poinformowa\u0107, \u017ce w ramach dw\u00f3ch pierwszych etap\u00f3w XIV edycji [&hellip;]","_links":{"self":[{"href":"https:\/\/krakowbiega.pl\/index.php?rest_route=\/wp\/v2\/pages\/16525","targetHints":{"allow":["GET"]}}],"collection":[{"href":"https:\/\/krakowbiega.pl\/index.php?rest_route=\/wp\/v2\/pages"}],"about":[{"href":"https:\/\/krakowbiega.pl\/index.php?rest_route=\/wp\/v2\/types\/page"}],"author":[{"embeddable":true,"href":"https:\/\/krakowbiega.pl\/index.php?rest_route=\/wp\/v2\/users\/2"}],"replies":[{"embeddable":true,"href":"https:\/\/krakowbiega.pl\/index.php?rest_route=%2Fwp%2Fv2%2Fcomments&post=16525"}],"version-history":[{"count":4,"href":"https:\/\/krakowbiega.pl\/index.php?rest_route=\/wp\/v2\/pages\/16525\/revisions"}],"predecessor-version":[{"id":16928,"href":"https:\/\/krakowbiega.pl\/index.php?rest_route=\/wp\/v2\/pages\/16525\/revisions\/16928"}],"wp:attachment":[{"href":"https:\/\/krakowbiega.pl\/index.php?rest_route=%2Fwp%2Fv2%2Fmedia&parent=16525"}],"curies":[{"name":"wp","href":"https:\/\/api.w.org\/{rel}","templated":true}]}}