{"id":6436,"date":"2021-05-04T08:58:58","date_gmt":"2021-05-04T07:58:58","guid":{"rendered":"http:\/\/krakowbiega.pl\/?page_id=6436"},"modified":"2021-11-10T09:40:49","modified_gmt":"2021-11-10T08:40:49","slug":"zgloszenia-2","status":"publish","type":"page","link":"https:\/\/krakowbiega.pl\/?page_id=6436","title":{"rendered":"Zg\u0142oszenia na karnet"},"content":{"rendered":"\n<p>W celu uporz\u0105dkowania wiadomo\u015bci, dotycz\u0105cych zg\u0142osze\u0144 na karnet, za\u0142\u0105czamy dok\u0142adn\u0105 rozpisk\u0119 wszystkich mo\u017cliwych opcji dotycz\u0105cych zakupu pakietu startowego w ramach &#8220;karnetu&#8221;:<\/p>\n\n\n\n<p>1. Osoba, kt\u00f3ra nie bra\u0142a udzia\u0142u w Wielkim Otwarciu GPK wci\u0105\u017c mo\u017ce zg\u0142osi\u0107 si\u0119 na karnet rejestruj\u0105c si\u0119 przez formularz i dokonuj\u0105c p\u0142atno\u015bci. Obowi\u0105zuje trzeci termin zg\u0142osze\u0144. Takie osoby zapraszamy na Biegu Miko\u0142ajkowym do biura zawod\u00f3w, wydany numer b\u0119dzie obowi\u0105zywa\u0142 do ko\u0144ca edycji.<\/p>\n\n\n\n<p><strong>formularz zg\u0142oszeniowy<\/strong> <strong><a href=\"https:\/\/www.orientharper.pl\/?cmp=entries&amp;action=entryList&amp;id=136\"><span class=\"has-inline-color has-vivid-red-color\">&#8211; tuta<\/span><\/a><a href=\"https:\/\/www.orientharper.pl\/?cmp=entries&amp;action=entryList&amp;id=136\" target=\"_blank\" rel=\"noreferrer noopener\"><span class=\"has-inline-color has-vivid-red-color\">j<\/span><\/a><\/strong><\/p>\n\n\n\n<p>2. Je\u017celi kto\u015b bra\u0142 udzia\u0142 w Wielkim Otwarciu GPK, a nie ma wykupionego karnetu, wci\u0105\u017c jeszcze mo\u017ce to zrobi\u0107. Wystarczy <strong>dop\u0142aci\u0107 odpowiedni\u0105 r\u00f3\u017cnic\u0119 (mi\u0119dzy cen\u0105 karnetu, a poniesionym kosztem wpisowego na biegu listopadowym) <\/strong>na wskazany numer konta bankowego. Opr\u00f3cz tego takie osoby powinny dokona\u0107 zg\u0142oszenia przez powy\u017cszy formularz zg\u0142oszeniowy, tym razem na karnet. Wszystkich takich zawodnik\u00f3w zapraszamy przed Biegiem Miko\u0142ajkowym GPK do biura zawod\u00f3w, wydany tam numer b\u0119dzie obowi\u0105zywa\u0142 do ko\u0144ca edycji.<\/p>\n\n\n\n<p>Podczas X edycji GPK obowi\u0105zuj\u0105 3 taryfy op\u0142at za karnet. Zg\u0142oszenie karnetowe uprawnia do udzia\u0142 w pi\u0119ciu biegach (7.11, 5.12, 9.01, 6.02, 6.03). Decyduj\u0105c si\u0119 na karnet dokonujemy wyboru dystansu na ca\u0142y cykl bieg\u00f3w. Nie dopuszcza si\u0119 zmiany dystansu podczas startu (zawodnik nie zostanie sklasyfikowany).<\/p>\n\n\n\n<figure class=\"wp-block-table\"><table><tbody><tr><td><\/td><td class=\"has-text-align-center\" data-align=\"center\"><span class=\"has-inline-color has-vivid-red-color\">III termin zg\u0142osze\u0144 <\/span><br><span class=\"has-inline-color has-vivid-red-color\">(po I etapie)<\/span><\/td><td class=\"has-text-align-center\" data-align=\"center\">II termin zg\u0142osze\u0144 \u2013 30.09<\/td><td class=\"has-text-align-center\" data-align=\"center\">I termin zg\u0142osze\u0144 \u2013 31.08<\/td><\/tr><tr><td><strong>Przyjazna Tr\u00f3jka,<\/strong><br><strong>Nordic Walking<br>(3,7 km)<\/strong><\/td><td class=\"has-text-align-center\" data-align=\"center\"><span class=\"has-inline-color has-vivid-red-color\"><strong><strong><strong><strong>160 z\u0142,<\/strong><br><strong>80 z\u0142<\/strong>*<br><\/strong><\/strong><\/strong>(32 z\u0142\/bieg,<br>16 z\u0142\/bieg)<\/span><\/td><td class=\"has-text-align-center\" data-align=\"center\"><span class=\"has-inline-color has-black-color\">150 z\u0142,<br>75 z\u0142<br>(30 z\u0142\/bieg,<br>15 z\u0142\/bieg)<\/span><\/td><td class=\"has-text-align-center\" data-align=\"center\">120 z\u0142,<br>60 z\u0142<br>(24 z\u0142\/bieg,<br>12 z\u0142\/bieg)<\/td><\/tr><tr><td><strong>Tradycyjna Pi\u0105tka<br>(5,7 km)<\/strong><\/td><td class=\"has-text-align-center\" data-align=\"center\"><span class=\"has-inline-color has-vivid-red-color\"><strong><strong><strong><strong>170 z\u0142,<\/strong><br><strong>85 z\u0142<\/strong><br><\/strong><\/strong><\/strong>(34 z\u0142\/bieg,<br>17 z\u0142\/bieg)<\/span><\/td><td class=\"has-text-align-center\" data-align=\"center\"><span class=\"has-inline-color has-black-color\">150 z\u0142,<br>75 z\u0142<br>(30z\u0142\/bieg,<br>15 z\u0142\/bieg)<\/span><\/td><td class=\"has-text-align-center\" data-align=\"center\">135 z\u0142,<br>67,5 z\u0142<br>(27 z\u0142\/bieg,<br>13,5 z\u0142\/bieg)<\/td><\/tr><tr><td><strong>Ambitna Jedenastka<br>(11,6 km)<\/strong><\/td><td class=\"has-text-align-center\" data-align=\"center\"><span class=\"has-inline-color has-vivid-red-color\"><strong><strong><strong><strong>190 z\u0142<br><\/strong><\/strong><\/strong><\/strong>(38 z\u0142\/bieg)<\/span><\/td><td class=\"has-text-align-center\" data-align=\"center\">170 z\u0142<br>(34 z\u0142\/bieg)<\/td><td class=\"has-text-align-center\" data-align=\"center\">150 z\u0142<br>(30 z\u0142\/bieg)<\/td><\/tr><tr><td><strong>Harda Dwudziestka Tr\u00f3jka<br>(23,2 km)<\/strong><\/td><td class=\"has-text-align-center\" data-align=\"center\"><span class=\"has-inline-color has-vivid-red-color\"><strong><strong><strong><strong>210 z\u0142<\/strong><br><\/strong><\/strong><\/strong>(42 z\u0142\/bieg)<\/span><\/td><td class=\"has-text-align-center\" data-align=\"center\">185 z\u0142<br>(37 z\u0142\/bieg)<\/td><td class=\"has-text-align-center\" data-align=\"center\">165 z\u0142<br>(33 z\u0142\/bieg)<\/td><\/tr><tr><td><strong>Ultra GPK<br>(35 km)<\/strong><\/td><td class=\"has-text-align-center\" data-align=\"center\"><span class=\"has-inline-color has-vivid-red-color\"><strong><strong><strong><strong>230 z\u0142<\/strong><br><\/strong><\/strong><\/strong>(46 z\u0142\/bieg)<\/span><\/td><td class=\"has-text-align-center\" data-align=\"center\">200 z\u0142<br>(40 z\u0142\/bieg)<\/td><td class=\"has-text-align-center\" data-align=\"center\">180 z\u0142<br>(36 z\u0142\/bieg)<\/td><\/tr><\/tbody><\/table><\/figure>\n\n\n\n<p>Aby do\u0142\u0105czy\u0107 do grupy startuj\u0105cych nale\u017cy zg\u0142osi\u0107 si\u0119 poprzez&nbsp;formularz zg\u0142oszeniowy&nbsp;\u2013 (<strong>prosimy o sprawdzenie poprawno\u015bci rocznika<\/strong>)&nbsp;oraz przela\u0107 op\u0142at\u0119 startow\u0105 przez szybkie p\u0142atno\u015bci lub na konto: WOJSKOWY KLUB SPORTOWY WAWEL&nbsp;<strong>26 1090 1665 0000 0001 3605 9803<\/strong> z dopiskiem: <strong>Imi\u0119 i Nazwisko, rocznik, dystans, op\u0142ata za karnet.<\/strong><\/p>\n\n\n\n<p>*Op\u0142ata startowa dla os\u00f3b niepe\u0142noletnich oraz dla senior\u00f3w 65+ wynosi 50% podstawowej stawki wpisowego.<\/p>\n\n\n\n<p>O mo\u017cliwo\u015bci skorzystania z wcze\u015bniejszego terminu decyduje wp\u0142ata na konto, nie wystarczy sama rejestracja.<\/p>\n\n\n\n<p><strong>Op\u0142aty dla wielokarnetowc\u00f3w<\/strong><\/p>\n\n\n\n<p>Osoby, kt\u00f3re chc\u0105 zakupi\u0107 karnety na kilka dystans\u00f3w mog\u0105 skorzysta\u0107 ze specjalnej zni\u017cki, przygotowanej przy okazji X edycji GPK. Zni\u017cka obowi\u0105zuje dla karnet\u00f3w \u201eta\u0144szych\u201d. Tzn. osoba, kt\u00f3ra dokonuje zg\u0142oszenia w tym samym terminie na dwa dystanse dokonuje podstawowej p\u0142atno\u015bci za dystans d\u0142u\u017cszy oraz obni\u017conej p\u0142atno\u015bci zgodnej z tabel\u0105 poni\u017cej.<\/p>\n\n\n\n<figure class=\"wp-block-table\"><table><tbody><tr><td><strong>Cena za drugi karnet<\/strong><\/td><td><strong>75 z\u0142 <\/strong>(15 z\u0142 za bieg)<strong><\/strong><\/td><\/tr><tr><td><strong>Cena za trzeci karnet<\/strong><\/td><td><strong>50 z\u0142 <\/strong>(10 z\u0142 za bieg)<strong><\/strong><\/td><\/tr><tr><td><strong>Cena za ka\u017cdy nast\u0119pny karnet<\/strong><\/td><td><strong>25 z\u0142 <\/strong>(5 z\u0142 za bieg)<strong><\/strong><\/td><\/tr><\/tbody><\/table><\/figure>\n\n\n\n<p>\u201eWielokarnetowc\u00f3w\u201d prosimy o regulowanie p\u0142atno\u015bci przy pomocy tradycyjnego przelewu bankowego.<\/p>\n\n\n\n<p>3. Je\u017celi kto\u015b ju\u017c wykupi\u0142 karnet, a nie odebra\u0142 numeru przed Wielkim Otwarcie GPK, serdecznie zapraszamy po odbi\u00f3r numeru przed Biegiem Miko\u0142ajkowym GPK.<\/p>\n\n\n\n<p>4. Wszystkim, kt\u00f3rzy wykupili karnet i brali udzia\u0142 w Wielkim Otwarciu GPK, \u017cyczymy powodzenia! Widzimy si\u0119 na starcie! <strong>Koniecznie zabierzcie ze sob\u0105 sw\u00f3j numer startowy!<\/strong><\/p>\n\n\n\n<p><\/p>\n\n\n\n<div class=\"wp-block-image\"><figure class=\"alignleft size-large\"><img decoding=\"async\" src=\"https:\/\/krakowbiega.pl\/wp-content\/uploads\/2021\/05\/MG_6474-1024x683.jpg\" alt=\"\" class=\"wp-image-6437\"\/><\/figure><\/div>\n","protected":false},"excerpt":{"rendered":"<p>W celu uporz\u0105dkowania wiadomo\u015bci, dotycz\u0105cych zg\u0142osze\u0144 na karnet, za\u0142\u0105czamy dok\u0142adn\u0105 rozpisk\u0119 wszystkich mo\u017cliwych opcji dotycz\u0105cych zakupu pakietu startowego w ramach [&hellip;]<\/p>\n","protected":false},"author":2,"featured_media":0,"parent":0,"menu_order":0,"comment_status":"closed","ping_status":"closed","template":"","meta":{"_uag_custom_page_level_css":"","site-sidebar-layout":"default","site-content-layout":"","ast-site-content-layout":"default","site-content-style":"default","site-sidebar-style":"default","ast-global-header-display":"","ast-banner-title-visibility":"","ast-main-header-display":"","ast-hfb-above-header-display":"","ast-hfb-below-header-display":"","ast-hfb-mobile-header-display":"","site-post-title":"","ast-breadcrumbs-content":"","ast-featured-img":"","footer-sml-layout":"","ast-disable-related-posts":"","theme-transparent-header-meta":"","adv-header-id-meta":"","stick-header-meta":"","header-above-stick-meta":"","header-main-stick-meta":"","header-below-stick-meta":"","astra-migrate-meta-layouts":"default","ast-page-background-enabled":"default","ast-page-background-meta":{"desktop":{"background-color":"var(--ast-global-color-4)","background-image":"","background-repeat":"repeat","background-position":"center center","background-size":"auto","background-attachment":"scroll","background-type":"","background-media":"","overlay-type":"","overlay-color":"","overlay-opacity":"","overlay-gradient":""},"tablet":{"background-color":"","background-image":"","background-repeat":"repeat","background-position":"center center","background-size":"auto","background-attachment":"scroll","background-type":"","background-media":"","overlay-type":"","overlay-color":"","overlay-opacity":"","overlay-gradient":""},"mobile":{"background-color":"","background-image":"","background-repeat":"repeat","background-position":"center center","background-size":"auto","background-attachment":"scroll","background-type":"","background-media":"","overlay-type":"","overlay-color":"","overlay-opacity":"","overlay-gradient":""}},"ast-content-background-meta":{"desktop":{"background-color":"var(--ast-global-color-5)","background-image":"","background-repeat":"repeat","background-position":"center center","background-size":"auto","background-attachment":"scroll","background-type":"","background-media":"","overlay-type":"","overlay-color":"","overlay-opacity":"","overlay-gradient":""},"tablet":{"background-color":"var(--ast-global-color-5)","background-image":"","background-repeat":"repeat","background-position":"center center","background-size":"auto","background-attachment":"scroll","background-type":"","background-media":"","overlay-type":"","overlay-color":"","overlay-opacity":"","overlay-gradient":""},"mobile":{"background-color":"var(--ast-global-color-5)","background-image":"","background-repeat":"repeat","background-position":"center center","background-size":"auto","background-attachment":"scroll","background-type":"","background-media":"","overlay-type":"","overlay-color":"","overlay-opacity":"","overlay-gradient":""}},"footnotes":""},"class_list":["post-6436","page","type-page","status-publish","hentry"],"uagb_featured_image_src":{"full":false,"thumbnail":false,"medium":false,"medium_large":false,"large":false,"1536x1536":false,"2048x2048":false,"New Image Size":false},"uagb_author_info":{"display_name":"M.Garbacik","author_link":"https:\/\/krakowbiega.pl\/?author=2"},"uagb_comment_info":0,"uagb_excerpt":"W celu uporz\u0105dkowania wiadomo\u015bci, dotycz\u0105cych zg\u0142osze\u0144 na karnet, za\u0142\u0105czamy dok\u0142adn\u0105 rozpisk\u0119 wszystkich mo\u017cliwych opcji dotycz\u0105cych zakupu pakietu startowego w ramach [&hellip;]","_links":{"self":[{"href":"https:\/\/krakowbiega.pl\/index.php?rest_route=\/wp\/v2\/pages\/6436","targetHints":{"allow":["GET"]}}],"collection":[{"href":"https:\/\/krakowbiega.pl\/index.php?rest_route=\/wp\/v2\/pages"}],"about":[{"href":"https:\/\/krakowbiega.pl\/index.php?rest_route=\/wp\/v2\/types\/page"}],"author":[{"embeddable":true,"href":"https:\/\/krakowbiega.pl\/index.php?rest_route=\/wp\/v2\/users\/2"}],"replies":[{"embeddable":true,"href":"https:\/\/krakowbiega.pl\/index.php?rest_route=%2Fwp%2Fv2%2Fcomments&post=6436"}],"version-history":[{"count":64,"href":"https:\/\/krakowbiega.pl\/index.php?rest_route=\/wp\/v2\/pages\/6436\/revisions"}],"predecessor-version":[{"id":7426,"href":"https:\/\/krakowbiega.pl\/index.php?rest_route=\/wp\/v2\/pages\/6436\/revisions\/7426"}],"wp:attachment":[{"href":"https:\/\/krakowbiega.pl\/index.php?rest_route=%2Fwp%2Fv2%2Fmedia&parent=6436"}],"curies":[{"name":"wp","href":"https:\/\/api.w.org\/{rel}","templated":true}]}}