{"id":9610,"date":"2022-11-01T09:19:36","date_gmt":"2022-11-01T08:19:36","guid":{"rendered":"http:\/\/krakowbiega.pl\/?page_id=9610"},"modified":"2022-12-03T00:18:31","modified_gmt":"2022-12-02T23:18:31","slug":"wielkie-otwarcie-6-11-2","status":"publish","type":"page","link":"https:\/\/krakowbiega.pl\/?page_id=9610","title":{"rendered":"Bieg Miko\u0142ajkowy 4.12"},"content":{"rendered":"\n<ol class=\"wp-block-list\"><li><strong>Zg\u0142oszenia na pojedynczy bieg 4.12<\/strong> <strong><mark style=\"background-color:rgba(0, 0, 0, 0)\" class=\"has-inline-color has-vivid-red-color\">PO TERMINIE<\/mark><\/strong><\/li><\/ol>\n\n\n\n<p>Chc\u0105cych skorzysta\u0107 ze zg\u0142oszenia po terminie, prosimy o wype\u0142nienia danych w poni\u017cszym formularzu. P\u0142atno\u015b\u0107 za zawody tylko i wy\u0142\u0105cznie got\u00f3wk\u0105 w biurze zawod\u00f3w.<\/p>\n\n\n\n<p>lista zg\u0142oszonych do 2.12 &#8211; <a rel=\"noreferrer noopener\" href=\"https:\/\/www.orientharper.pl\/?cmp=entries&amp;action=entryList&amp;id=195&amp;fbclid=IwAR3pInwyQmGormeIFdkViLvvBwGuDPH7FRfMwuOaO8pPaiAf9-wU9ioWGZo\" target=\"_blank\"><strong><mark style=\"background-color:rgba(0, 0, 0, 0)\" class=\"has-inline-color has-vivid-red-color\">tutaj<\/mark><\/strong><\/a><\/p>\n\n\n\n<p>formularz uproszczony &#8211; <strong><a rel=\"noreferrer noopener\" href=\"https:\/\/orientharper.pl\/timego\/?page=office&amp;action=addCompetitor&amp;view=ajax&amp;cid=103\" target=\"_blank\"><mark style=\"background-color:rgba(0, 0, 0, 0)\" class=\"has-inline-color has-vivid-red-color\">tutaj<\/mark><\/a><\/strong><\/p>\n\n\n\n<figure class=\"wp-block-table\"><table><tbody><tr><td>&nbsp;<\/td><td class=\"has-text-align-center\" data-align=\"center\"><strong>po terminie<br>(p\u0142atno\u015b\u0107<br>w biurze)<\/strong><\/td><td class=\"has-text-align-center\" data-align=\"center\">I pula<br>(pierwsze<br>100 os\u00f3b**)<\/td><td class=\"has-text-align-center\" data-align=\"center\">II pula<br>do 28.11<\/td><\/tr><tr><td><strong>Bieg dla dzieci***<br>(450 m, 900 m)<\/strong><\/td><td class=\"has-text-align-center\" data-align=\"center\"><strong>20 z\u0142<\/strong><\/td><td class=\"has-text-align-center\" data-align=\"center\">15 z\u0142<\/td><td class=\"has-text-align-center\" data-align=\"center\">20 z\u0142<\/td><\/tr><tr><td><strong>Przyjazna Tr\u00f3jka,<\/strong><br><strong>Nordic Walking<br>(3,7 km)<\/strong><\/td><td class=\"has-text-align-center\" data-align=\"center\"><strong>60 z\u0142,<br>40 z\u0142*<\/strong><\/td><td class=\"has-text-align-center\" data-align=\"center\">45 z\u0142,<br>30 z\u0142*<\/td><td class=\"has-text-align-center\" data-align=\"center\">50 z\u0142,<br>35 z\u0142*<\/td><\/tr><tr><td><strong>Tradycyjna Pi\u0105tka*<br>(5,7 km)<\/strong><\/td><td class=\"has-text-align-center\" data-align=\"center\"><strong>70 z\u0142,<br>40 z\u0142*<\/strong><\/td><td class=\"has-text-align-center\" data-align=\"center\">50 z\u0142,<br>30 z\u0142*<\/td><td class=\"has-text-align-center\" data-align=\"center\">60 z\u0142,<br>35 z\u0142*<\/td><\/tr><tr><td><strong>Ambitna Jedenastka<br>(11,6 km)<\/strong><\/td><td class=\"has-text-align-center\" data-align=\"center\"><strong>80 z\u0142<\/strong><\/td><td class=\"has-text-align-center\" data-align=\"center\">60 z\u0142<\/td><td class=\"has-text-align-center\" data-align=\"center\">70 z\u0142<\/td><\/tr><tr><td><strong>Harda Dwudziestka Tr\u00f3jka<br>(23,2 km)<\/strong><\/td><td class=\"has-text-align-center\" data-align=\"center\"><strong>80 z\u0142<\/strong><\/td><td class=\"has-text-align-center\" data-align=\"center\">65 z\u0142<\/td><td class=\"has-text-align-center\" data-align=\"center\">75 z\u0142<\/td><\/tr><tr><td><strong>Ultra GPK<br>(35 km)<\/strong><\/td><td class=\"has-text-align-center\" data-align=\"center\">90 z\u0142<\/td><td class=\"has-text-align-center\" data-align=\"center\">70 z\u0142<\/td><td class=\"has-text-align-center\" data-align=\"center\">80 z\u0142<\/td><\/tr><\/tbody><\/table><\/figure>\n\n\n\n<p>Aby do\u0142\u0105czy\u0107 do grupy startuj\u0105cych nale\u017cy zg\u0142osi\u0107 si\u0119 poprzez&nbsp;formularz zg\u0142oszeniowy&nbsp;\u2013 (<strong>prosimy o sprawdzenie poprawno\u015bci rocznika<\/strong>) <\/p>\n\n\n\n<p>*Cena zni\u017ckowa dotyczy dzieci i m\u0142odzie\u017cy (do 2004 r.), kt\u00f3ra nie uko\u0144czy\u0142a 18 roku \u017cycia a tak\u017ce senior\u00f3w 65+ (1957 r. i starsi).<\/p>\n\n\n\n<p><strong>**Cena zale\u017cy od puli wp\u0142at. W momencie, gdy na li\u015bcie startowej znajdzie si\u0119 100 op\u0142aconych os\u00f3b (niezale\u017cnie od dystansu), zmianie ulega pula p\u0142atno\u015bci.<\/strong><\/p>\n\n\n\n<p>***Bieg dla dzieci odbywa\u0107 si\u0119 b\u0119dzie na dw\u00f3ch dystansach (do 2015 rocznika &#8211; ok. 450 m; 2012-2014 &#8211; ok. 900 m). Wype\u0142niaj\u0105c formularz, prosimy o poprawne uzupe\u0142nienie daty urodzenia.<\/p>\n\n\n\n<p>O mo\u017cliwo\u015bci skorzystania z wcze\u015bniejszego terminu decyduje wp\u0142ata na konto, nie wystarczy sama rejestracja.<\/p>\n\n\n\n<p>2. W przypadku wniesienia niepe\u0142nej op\u0142aty startowej (np. w wyniku przekroczenia terminu wp\u0142aty okre\u015blonego w niniejszym regulaminie) zawodnik jest zobowi\u0105zany do wyr\u00f3wnania r\u00f3\u017cnicy najp\u00f3\u017aniej w dniu zawod\u00f3w przed.<\/p>\n\n\n\n<p>3. Op\u0142ata raz uiszczona nie podlega zwrotowi. W przypadku sytuacji losowych dopuszczamy mo\u017cliwo\u015b\u0107 przeniesienia wp\u0142aty na innego zawodnika\/inny termin wed\u0142ug nast\u0119puj\u0105cych zasad:<\/p>\n\n\n\n<p>Powy\u017cej 14 dni przed biegiem \u2013&nbsp;<strong>bezp\u0142atnie<\/strong><br>Powy\u017cej 7 dni przed biegiem \u2013&nbsp;<strong>koszt zmiany 15 z\u0142<\/strong><br>Poni\u017cej 7 dni przed biegiem \u2013&nbsp;<strong>brak mo\u017cliwo\u015bci przeniesienia wp\u0142aty<\/strong><\/p>\n\n\n\n<figure class=\"wp-block-image alignleft is-resized\"><img loading=\"lazy\" decoding=\"async\" src=\"https:\/\/krakowbiega.pl\/wp-content\/uploads\/2022\/08\/Projekt-bez-tytulu-7-2.png\" alt=\"\" class=\"wp-image-8977\" width=\"500\" height=\"500\"\/><\/figure>\n","protected":false},"excerpt":{"rendered":"<p>Zg\u0142oszenia na pojedynczy bieg 4.12 PO TERMINIE Chc\u0105cych skorzysta\u0107 ze zg\u0142oszenia po terminie, prosimy o wype\u0142nienia danych w poni\u017cszym formularzu. [&hellip;]<\/p>\n","protected":false},"author":2,"featured_media":0,"parent":0,"menu_order":0,"comment_status":"closed","ping_status":"closed","template":"","meta":{"_uag_custom_page_level_css":"","site-sidebar-layout":"default","site-content-layout":"","ast-site-content-layout":"default","site-content-style":"default","site-sidebar-style":"default","ast-global-header-display":"","ast-banner-title-visibility":"","ast-main-header-display":"","ast-hfb-above-header-display":"","ast-hfb-below-header-display":"","ast-hfb-mobile-header-display":"","site-post-title":"","ast-breadcrumbs-content":"","ast-featured-img":"","footer-sml-layout":"","ast-disable-related-posts":"","theme-transparent-header-meta":"","adv-header-id-meta":"","stick-header-meta":"","header-above-stick-meta":"","header-main-stick-meta":"","header-below-stick-meta":"","astra-migrate-meta-layouts":"default","ast-page-background-enabled":"default","ast-page-background-meta":{"desktop":{"background-color":"var(--ast-global-color-4)","background-image":"","background-repeat":"repeat","background-position":"center center","background-size":"auto","background-attachment":"scroll","background-type":"","background-media":"","overlay-type":"","overlay-color":"","overlay-opacity":"","overlay-gradient":""},"tablet":{"background-color":"","background-image":"","background-repeat":"repeat","background-position":"center center","background-size":"auto","background-attachment":"scroll","background-type":"","background-media":"","overlay-type":"","overlay-color":"","overlay-opacity":"","overlay-gradient":""},"mobile":{"background-color":"","background-image":"","background-repeat":"repeat","background-position":"center center","background-size":"auto","background-attachment":"scroll","background-type":"","background-media":"","overlay-type":"","overlay-color":"","overlay-opacity":"","overlay-gradient":""}},"ast-content-background-meta":{"desktop":{"background-color":"var(--ast-global-color-5)","background-image":"","background-repeat":"repeat","background-position":"center center","background-size":"auto","background-attachment":"scroll","background-type":"","background-media":"","overlay-type":"","overlay-color":"","overlay-opacity":"","overlay-gradient":""},"tablet":{"background-color":"var(--ast-global-color-5)","background-image":"","background-repeat":"repeat","background-position":"center center","background-size":"auto","background-attachment":"scroll","background-type":"","background-media":"","overlay-type":"","overlay-color":"","overlay-opacity":"","overlay-gradient":""},"mobile":{"background-color":"var(--ast-global-color-5)","background-image":"","background-repeat":"repeat","background-position":"center center","background-size":"auto","background-attachment":"scroll","background-type":"","background-media":"","overlay-type":"","overlay-color":"","overlay-opacity":"","overlay-gradient":""}},"footnotes":""},"class_list":["post-9610","page","type-page","status-publish","hentry"],"uagb_featured_image_src":{"full":false,"thumbnail":false,"medium":false,"medium_large":false,"large":false,"1536x1536":false,"2048x2048":false,"New Image Size":false},"uagb_author_info":{"display_name":"M.Garbacik","author_link":"https:\/\/krakowbiega.pl\/?author=2"},"uagb_comment_info":0,"uagb_excerpt":"Zg\u0142oszenia na pojedynczy bieg 4.12 PO TERMINIE Chc\u0105cych skorzysta\u0107 ze zg\u0142oszenia po terminie, prosimy o wype\u0142nienia danych w poni\u017cszym formularzu. [&hellip;]","_links":{"self":[{"href":"https:\/\/krakowbiega.pl\/index.php?rest_route=\/wp\/v2\/pages\/9610","targetHints":{"allow":["GET"]}}],"collection":[{"href":"https:\/\/krakowbiega.pl\/index.php?rest_route=\/wp\/v2\/pages"}],"about":[{"href":"https:\/\/krakowbiega.pl\/index.php?rest_route=\/wp\/v2\/types\/page"}],"author":[{"embeddable":true,"href":"https:\/\/krakowbiega.pl\/index.php?rest_route=\/wp\/v2\/users\/2"}],"replies":[{"embeddable":true,"href":"https:\/\/krakowbiega.pl\/index.php?rest_route=%2Fwp%2Fv2%2Fcomments&post=9610"}],"version-history":[{"count":18,"href":"https:\/\/krakowbiega.pl\/index.php?rest_route=\/wp\/v2\/pages\/9610\/revisions"}],"predecessor-version":[{"id":9966,"href":"https:\/\/krakowbiega.pl\/index.php?rest_route=\/wp\/v2\/pages\/9610\/revisions\/9966"}],"wp:attachment":[{"href":"https:\/\/krakowbiega.pl\/index.php?rest_route=%2Fwp%2Fv2%2Fmedia&parent=9610"}],"curies":[{"name":"wp","href":"https:\/\/api.w.org\/{rel}","templated":true}]}}